{"id":3524,"date":"2026-04-18T11:15:52","date_gmt":"2026-04-18T11:15:52","guid":{"rendered":"https:\/\/sinergos.org\/?page_id=3524"},"modified":"2026-04-18T22:13:00","modified_gmt":"2026-04-18T22:13:00","slug":"noticias-2","status":"publish","type":"page","link":"https:\/\/sinergos.org\/index.php\/noticias-2\/","title":{"rendered":"ACTUALIDAD"},"content":{"rendered":"\t\t<div data-elementor-type=\"wp-page\" data-elementor-id=\"3524\" class=\"elementor elementor-3524\">\n\t\t\t\t\t\t<section class=\"elementor-section elementor-top-section elementor-element elementor-element-ca1b000 elementor-section-boxed elementor-section-height-default elementor-section-height-default\" data-id=\"ca1b000\" data-element_type=\"section\" data-e-type=\"section\">\n\t\t\t\t\t\t<div class=\"elementor-container elementor-column-gap-default\">\n\t\t\t\t\t<div class=\"elementor-column elementor-col-100 elementor-top-column elementor-element elementor-element-8e1b796\" data-id=\"8e1b796\" data-element_type=\"column\" data-e-type=\"column\">\n\t\t\t<div class=\"elementor-widget-wrap elementor-element-populated\">\n\t\t\t\t\t\t<section class=\"elementor-section elementor-inner-section elementor-element elementor-element-4d75e3e elementor-section-boxed elementor-section-height-default elementor-section-height-default\" data-id=\"4d75e3e\" data-element_type=\"section\" data-e-type=\"section\">\n\t\t\t\t\t\t<div class=\"elementor-container elementor-column-gap-default\">\n\t\t\t\t\t<div class=\"elementor-column elementor-col-50 elementor-inner-column elementor-element elementor-element-f2f3412\" data-id=\"f2f3412\" data-element_type=\"column\" data-e-type=\"column\">\n\t\t\t<div class=\"elementor-widget-wrap elementor-element-populated\">\n\t\t\t\t\t\t<div class=\"elementor-element elementor-element-c75cfa4 elementor-widget__width-initial elementor-widget elementor-widget-image\" data-id=\"c75cfa4\" data-element_type=\"widget\" data-e-type=\"widget\" data-widget_type=\"image.default\">\n\t\t\t\t<div class=\"elementor-widget-container\">\n\t\t\t\t\t\t\t\t\t\t\t\t\t\t\t<img decoding=\"async\" src=\"https:\/\/sinergos.org\/wp-content\/uploads\/elementor\/thumbs\/congdex-rm6od0yqjdhp2cnrsltrihz39qfphizaeozip41bpk.jpeg\" title=\"congdex\" alt=\"congdex\" loading=\"lazy\" \/>\t\t\t\t\t\t\t\t\t\t\t\t\t\t\t<\/div>\n\t\t\t\t<\/div>\n\t\t\t\t<div class=\"elementor-element elementor-element-b48fb9c elementor-widget elementor-widget-text-editor\" data-id=\"b48fb9c\" data-element_type=\"widget\" data-e-type=\"widget\" data-widget_type=\"text-editor.default\">\n\t\t\t\t<div class=\"elementor-widget-container\">\n\t\t\t\t\t\t\t\t\t<p>\u00a0<\/p><p class=\"isSelectedEnd\">\u00a004\/16\/2026\u00a0<\/p><p class=\"isSelectedEnd\">Desde Sinergos hemos participado en la asamblea de CONGDEX, un espacio de encuentro clave para las organizaciones sociales de Extremadura, en el que se ha compartido una profunda preocupaci\u00f3n ante el contexto actual y el posible debilitamiento de pol\u00edticas p\u00fablicas esenciales.<\/p><p class=\"isSelectedEnd\">Nos sumamos al pronunciamiento que defiende que los derechos humanos, la igualdad, la cooperaci\u00f3n y la inclusi\u00f3n social no pueden ser objeto de negociaci\u00f3n pol\u00edtica, ya que constituyen pilares fundamentales para garantizar la cohesi\u00f3n social y el bienestar colectivo .<\/p><p class=\"isSelectedEnd\">\u00a0<\/p>\t\t\t\t\t\t\t\t<\/div>\n\t\t\t\t<\/div>\n\t\t\t\t\t<\/div>\n\t\t<\/div>\n\t\t\t\t<div class=\"elementor-column elementor-col-50 elementor-inner-column elementor-element elementor-element-8cae501\" data-id=\"8cae501\" data-element_type=\"column\" data-e-type=\"column\">\n\t\t\t<div class=\"elementor-widget-wrap elementor-element-populated\">\n\t\t\t\t\t\t<div class=\"elementor-element elementor-element-a1d0e41 elementor-widget__width-initial elementor-widget elementor-widget-image\" data-id=\"a1d0e41\" data-element_type=\"widget\" data-e-type=\"widget\" data-widget_type=\"image.default\">\n\t\t\t\t<div class=\"elementor-widget-container\">\n\t\t\t\t\t\t\t\t\t\t\t\t\t\t\t\t<a href=\"https:\/\/congdextremadura.org\/las-politicas-sociales-no-pueden-ser-objeto-de-negociacion-ideologica\/\">\n\t\t\t\t\t\t\t<img decoding=\"async\" src=\"https:\/\/sinergos.org\/wp-content\/uploads\/elementor\/thumbs\/PHOTO-2026-04-17-16-25-56-rm6oahse4g0vs6c7l0eyamzdncx3qvxbq5pf59sih4.jpg\" title=\"PHOTO-2026-04-17-16-25-56\" alt=\"PHOTO-2026-04-17-16-25-56\" loading=\"lazy\" \/>\t\t\t\t\t\t\t\t<\/a>\n\t\t\t\t\t\t\t\t\t\t\t\t\t\t\t<\/div>\n\t\t\t\t<\/div>\n\t\t\t\t<div class=\"elementor-element elementor-element-d30a4fe elementor-widget elementor-widget-text-editor\" data-id=\"d30a4fe\" data-element_type=\"widget\" data-e-type=\"widget\" data-widget_type=\"text-editor.default\">\n\t\t\t\t<div class=\"elementor-widget-container\">\n\t\t\t\t\t\t\t\t\t<p>\u00a0<\/p><p class=\"isSelectedEnd\">Las organizaciones sociales constatamos cada d\u00eda que las desigualdades tienen un impacto real en las personas, especialmente en quienes se encuentran en situaci\u00f3n de mayor vulnerabilidad. Por ello, creemos necesario seguir defendiendo y fortaleciendo estas pol\u00edticas desde el compromiso colectivo.<\/p><p>Continuamos trabajando para impulsar una sociedad m\u00e1s justa, inclusiva y solidaria, fomentando una ciudadan\u00eda activa y comprometida con la defensa de los derechos y la justicia global<\/p>\t\t\t\t\t\t\t\t<\/div>\n\t\t\t\t<\/div>\n\t\t\t\t<div class=\"elementor-element elementor-element-f561311 elementor-align-center elementor-widget elementor-widget-button\" data-id=\"f561311\" data-element_type=\"widget\" data-e-type=\"widget\" data-widget_type=\"button.default\">\n\t\t\t\t<div class=\"elementor-widget-container\">\n\t\t\t\t\t\t\t\t\t<div class=\"elementor-button-wrapper\">\n\t\t\t\t\t<a class=\"elementor-button elementor-button-link elementor-size-sm\" href=\"https:\/\/congdextremadura.org\/las-politicas-sociales-no-pueden-ser-objeto-de-negociacion-ideologica\/\">\n\t\t\t\t\t\t<span class=\"elementor-button-content-wrapper\">\n\t\t\t\t\t\t\t\t\t<span class=\"elementor-button-text\">LEER M\u00c1S<\/span>\n\t\t\t\t\t<\/span>\n\t\t\t\t\t<\/a>\n\t\t\t\t<\/div>\n\t\t\t\t\t\t\t\t<\/div>\n\t\t\t\t<\/div>\n\t\t\t\t\t<\/div>\n\t\t<\/div>\n\t\t\t\t\t<\/div>\n\t\t<\/section>\n\t\t\t\t\t<\/div>\n\t\t<\/div>\n\t\t\t\t\t<\/div>\n\t\t<\/section>\n\t\t\t\t<section class=\"elementor-section elementor-top-section elementor-element elementor-element-700a1c6 elementor-section-boxed elementor-section-height-default elementor-section-height-default\" data-id=\"700a1c6\" data-element_type=\"section\" data-e-type=\"section\">\n\t\t\t\t\t\t<div class=\"elementor-container elementor-column-gap-default\">\n\t\t\t\t\t<div class=\"elementor-column elementor-col-50 elementor-top-column elementor-element elementor-element-bc65d0c\" data-id=\"bc65d0c\" data-element_type=\"column\" data-e-type=\"column\">\n\t\t\t<div class=\"elementor-widget-wrap elementor-element-populated\">\n\t\t\t\t\t\t<div class=\"elementor-element elementor-element-5764865 elementor-widget elementor-widget-image\" data-id=\"5764865\" data-element_type=\"widget\" data-e-type=\"widget\" data-widget_type=\"image.default\">\n\t\t\t\t<div class=\"elementor-widget-container\">\n\t\t\t\t\t\t\t\t\t\t\t\t\t\t\t<img decoding=\"async\" src=\"https:\/\/sinergos.org\/wp-content\/uploads\/elementor\/thumbs\/PHOTO-2026-03-13-20-37-59-rm7gldwb4i0p3sg54euzm8ghnqvgn7fzc2979bxtto.jpg\" title=\"PHOTO-2026-03-13-20-37-59\" alt=\"PHOTO-2026-03-13-20-37-59\" loading=\"lazy\" \/>\t\t\t\t\t\t\t\t\t\t\t\t\t\t\t<\/div>\n\t\t\t\t<\/div>\n\t\t\t\t<div class=\"elementor-element elementor-element-f33bf50 elementor-widget elementor-widget-text-editor\" data-id=\"f33bf50\" data-element_type=\"widget\" data-e-type=\"widget\" data-widget_type=\"text-editor.default\">\n\t\t\t\t<div class=\"elementor-widget-container\">\n\t\t\t\t\t\t\t\t\t<p>03\/12\/2026<\/p><p class=\"isSelectedEnd\">Desde Sinergos seguimos acercando realidades que a menudo quedan lejos, pero que es importante conocer y comprender.<\/p><p class=\"isSelectedEnd\">Nuestra compa\u00f1era Bel\u00e9n imparti\u00f3 recientemente una charla al alumnado del IES S\u00e1ler, en la que comparti\u00f3 la situaci\u00f3n de los campamentos de personas refugiadas saharauis. A trav\u00e9s de su experiencia, el alumnado pudo conocer de primera mano las condiciones de vida en estos campamentos, as\u00ed como los retos y dificultades a los que se enfrenta la poblaci\u00f3n saharaui desde hace d\u00e9cadas.<\/p><p>El encuentro gener\u00f3 un espacio de reflexi\u00f3n y di\u00e1logo muy enriquecedor, acercando al alumnado a una realidad marcada por el exilio, pero tambi\u00e9n por la resistencia, la dignidad y la solidaridad.<\/p>\t\t\t\t\t\t\t\t<\/div>\n\t\t\t\t<\/div>\n\t\t\t\t\t<\/div>\n\t\t<\/div>\n\t\t\t\t<div class=\"elementor-column elementor-col-50 elementor-top-column elementor-element elementor-element-10dbdab\" data-id=\"10dbdab\" data-element_type=\"column\" data-e-type=\"column\">\n\t\t\t<div class=\"elementor-widget-wrap elementor-element-populated\">\n\t\t\t\t\t\t<div class=\"elementor-element elementor-element-838fa4e elementor-widget elementor-widget-image\" data-id=\"838fa4e\" data-element_type=\"widget\" data-e-type=\"widget\" data-widget_type=\"image.default\">\n\t\t\t\t<div class=\"elementor-widget-container\">\n\t\t\t\t\t\t\t\t\t\t\t\t\t\t\t<img decoding=\"async\" src=\"https:\/\/sinergos.org\/wp-content\/uploads\/elementor\/thumbs\/Copia-de-Copia-de-apuntate-2-rl5az819ygh2t5khcb2zft7fm0fk9zq3whbk0s6szg.jpg\" title=\"Copia de Copia de ap\u00fantate! (2)\" alt=\"Copia de Copia de ap\u00fantate! (2)\" loading=\"lazy\" \/>\t\t\t\t\t\t\t\t\t\t\t\t\t\t\t<\/div>\n\t\t\t\t<\/div>\n\t\t\t\t<div class=\"elementor-element elementor-element-c63652c elementor-widget__width-initial elementor-widget elementor-widget-text-editor\" data-id=\"c63652c\" data-element_type=\"widget\" data-e-type=\"widget\" data-widget_type=\"text-editor.default\">\n\t\t\t\t<div class=\"elementor-widget-container\">\n\t\t\t\t\t\t\t\t\t<p>12\/30\/2025<\/p><p class=\"isSelectedEnd\">Durante los meses de noviembre y diciembre de 2025 se desarroll\u00f3 \u201cMoviendo emociones: danza y bienestar intergeneracional\u201d, una propuesta centrada en el aprendizaje a trav\u00e9s del cuerpo y la emoci\u00f3n.<\/p><p class=\"isSelectedEnd\">En la actividad participaron el alumnado del IES Quercus y las integrantes del grupo Arlequia Teatro de Malpartida de Plasencia, creando un espacio de encuentro entre generaciones para compartir, expresarse y fortalecer v\u00ednculos.<\/p><p>La iniciativa puso en valor la cultura y las artes como herramientas para el bienestar y la construcci\u00f3n de comunidad.<\/p>\t\t\t\t\t\t\t\t<\/div>\n\t\t\t\t<\/div>\n\t\t\t\t\t<\/div>\n\t\t<\/div>\n\t\t\t\t\t<\/div>\n\t\t<\/section>\n\t\t\t\t<\/div>\n\t\t","protected":false},"excerpt":{"rendered":"<p>\u00a0 \u00a004\/16\/2026\u00a0 Desde Sinergos hemos participado en la asamblea de CONGDEX, un espacio de encuentro clave para las organizaciones sociales de Extremadura, en el que se ha compartido una profunda preocupaci\u00f3n ante el contexto actual y el posible debilitamiento de pol\u00edticas p\u00fablicas esenciales. Nos sumamos al pronunciamiento que defiende que los derechos humanos, la igualdad, &#8230; <a title=\"ACTUALIDAD\" class=\"read-more\" href=\"https:\/\/sinergos.org\/index.php\/noticias-2\/\" aria-label=\"Leer m\u00e1s sobre ACTUALIDAD\">Leer m\u00e1s<\/a><\/p>\n","protected":false},"author":1,"featured_media":0,"parent":0,"menu_order":0,"comment_status":"closed","ping_status":"closed","template":"","meta":{"_monsterinsights_skip_tracking":false,"_monsterinsights_sitenote_active":false,"_monsterinsights_sitenote_note":"","_monsterinsights_sitenote_category":0,"footnotes":""},"class_list":["post-3524","page","type-page","status-publish"],"aioseo_notices":[],"_links":{"self":[{"href":"https:\/\/sinergos.org\/index.php\/wp-json\/wp\/v2\/pages\/3524","targetHints":{"allow":["GET"]}}],"collection":[{"href":"https:\/\/sinergos.org\/index.php\/wp-json\/wp\/v2\/pages"}],"about":[{"href":"https:\/\/sinergos.org\/index.php\/wp-json\/wp\/v2\/types\/page"}],"author":[{"embeddable":true,"href":"https:\/\/sinergos.org\/index.php\/wp-json\/wp\/v2\/users\/1"}],"replies":[{"embeddable":true,"href":"https:\/\/sinergos.org\/index.php\/wp-json\/wp\/v2\/comments?post=3524"}],"version-history":[{"count":33,"href":"https:\/\/sinergos.org\/index.php\/wp-json\/wp\/v2\/pages\/3524\/revisions"}],"predecessor-version":[{"id":3668,"href":"https:\/\/sinergos.org\/index.php\/wp-json\/wp\/v2\/pages\/3524\/revisions\/3668"}],"wp:attachment":[{"href":"https:\/\/sinergos.org\/index.php\/wp-json\/wp\/v2\/media?parent=3524"}],"curies":[{"name":"wp","href":"https:\/\/api.w.org\/{rel}","templated":true}]}}